{"id":22,"date":"2023-09-24T00:20:41","date_gmt":"2023-09-23T22:20:41","guid":{"rendered":"http:\/\/culture-coreenne-toulouse.fr\/?page_id=22"},"modified":"2025-09-13T15:35:52","modified_gmt":"2025-09-13T13:35:52","slug":"beaux-portfolios-pour-des-creatifs-exceptionnels","status":"publish","type":"page","link":"https:\/\/coree-a-toulouse.com\/","title":{"rendered":"Accueil"},"content":{"rendered":"\n<div class=\"wp-block-group alignwide has-medium-font-size is-nowrap is-layout-flex wp-container-core-group-is-layout-6c531013 wp-block-group-is-layout-flex\">\n<p>Vous qui aimez la Cor\u00e9e, vous qui avez un lien avec ce pays ou vous qui souhaitez le d\u00e9couvrir, nous vous accueillons sur notre blog ! Rencontrez nous \u00e0 l\u2019une de nos manifestations \u00e0 Toulouse ou dans ses environs !<\/p>\n\n\n\n<figure class=\"wp-block-gallery has-nested-images columns-default is-cropped wp-block-gallery-1 is-layout-flex wp-block-gallery-is-layout-flex\">\n<figure class=\"wp-block-image size-full\"><img fetchpriority=\"high\" decoding=\"async\" width=\"327\" height=\"327\" data-id=\"1006\" src=\"https:\/\/coree-a-toulouse.com\/wp-content\/uploads\/2024\/06\/logo-afct.png\" alt=\"\" class=\"wp-image-1006\" srcset=\"https:\/\/coree-a-toulouse.com\/wp-content\/uploads\/2024\/06\/logo-afct.png 327w, https:\/\/coree-a-toulouse.com\/wp-content\/uploads\/2024\/06\/logo-afct-300x300.png 300w, https:\/\/coree-a-toulouse.com\/wp-content\/uploads\/2024\/06\/logo-afct-150x150.png 150w\" sizes=\"(max-width: 327px) 100vw, 327px\" \/><\/figure>\n<\/figure>\n<\/div>\n\n\n\n<div style=\"height:30px\" aria-hidden=\"true\" class=\"wp-block-spacer\"><\/div>\n\n\n\n<div style=\"height:75px\" aria-hidden=\"true\" class=\"wp-block-spacer\"><\/div>\n\n\n\n<div class=\"wp-block-columns alignwide has-vivid-cyan-blue-background-color has-background is-layout-flex wp-container-core-columns-is-layout-28f84493 wp-block-columns-is-layout-flex\">\n<div class=\"wp-block-column is-layout-flow wp-block-column-is-layout-flow\">\n<div class=\"wp-block-group is-vertical is-layout-flex wp-container-core-group-is-layout-fe9cc265 wp-block-group-is-layout-flex\">\n<h2 class=\"wp-block-heading has-white-color has-text-color\">Cours de Cor\u00e9en<\/h2>\n<\/div>\n\n\n\n<p class=\"has-white-color has-text-color\" style=\"font-size:clamp(14px, 0.875rem + ((1vw - 3.2px) * 0.208), 16px);\">Des cours de plusieurs niveaux (d\u00e9butants, interm\u00e9diaires, avanc\u00e9s) sont dispens\u00e9s par des professeures cor\u00e9ennes dipl\u00f4m\u00e9es parfaitement int\u00e9gr\u00e9es dans la vie fran\u00e7aise.<\/p>\n\n\n\n<div class=\"wp-block-buttons is-layout-flex wp-block-buttons-is-layout-flex\">\n<div class=\"wp-block-button\"><a class=\"wp-block-button__link wp-element-button\" href=\"https:\/\/coree-a-toulouse.com\/index.php\/cours-de-coreen\/\">EN SAVOIR PLUS<\/a><\/div>\n<\/div>\n<\/div>\n\n\n\n<div class=\"wp-block-column is-vertically-aligned-center is-layout-flow wp-block-column-is-layout-flow\">\n<figure class=\"wp-block-image size-large is-style-rounded\"><img decoding=\"async\" width=\"1024\" height=\"683\" src=\"http:\/\/coree-a-toulouse.com\/wp-content\/uploads\/2023\/09\/unseen-studio-s9CC2SKySJM-unsplash-scaled-1-1024x683.jpg\" alt=\"\" class=\"wp-image-42\" srcset=\"https:\/\/coree-a-toulouse.com\/wp-content\/uploads\/2023\/09\/unseen-studio-s9CC2SKySJM-unsplash-scaled-1-1024x683.jpg 1024w, https:\/\/coree-a-toulouse.com\/wp-content\/uploads\/2023\/09\/unseen-studio-s9CC2SKySJM-unsplash-scaled-1-300x200.jpg 300w, https:\/\/coree-a-toulouse.com\/wp-content\/uploads\/2023\/09\/unseen-studio-s9CC2SKySJM-unsplash-scaled-1-2000x1334.jpg 2000w, https:\/\/coree-a-toulouse.com\/wp-content\/uploads\/2023\/09\/unseen-studio-s9CC2SKySJM-unsplash-scaled-1-1536x1024.jpg 1536w, https:\/\/coree-a-toulouse.com\/wp-content\/uploads\/2023\/09\/unseen-studio-s9CC2SKySJM-unsplash-scaled-1-2048x1366.jpg 2048w\" sizes=\"(max-width: 1024px) 100vw, 1024px\" \/><\/figure>\n<\/div>\n<\/div>\n\n\n\n<div style=\"height:75px\" aria-hidden=\"true\" class=\"wp-block-spacer\"><\/div>\n\n\n\n<div class=\"wp-block-columns is-layout-flex wp-container-core-columns-is-layout-28f84493 wp-block-columns-is-layout-flex\">\n<div class=\"wp-block-column is-layout-flow wp-block-column-is-layout-flow\">\n<figure class=\"wp-block-image size-large is-style-rounded\"><img decoding=\"async\" width=\"1024\" height=\"683\" src=\"http:\/\/coree-a-toulouse.com\/wp-content\/uploads\/2023\/09\/jeremy-yap-J39X2xX_8CQ-unsplash-scaled-1-1024x683.jpg\" alt=\"\" class=\"wp-image-46\" srcset=\"https:\/\/coree-a-toulouse.com\/wp-content\/uploads\/2023\/09\/jeremy-yap-J39X2xX_8CQ-unsplash-scaled-1-1024x683.jpg 1024w, https:\/\/coree-a-toulouse.com\/wp-content\/uploads\/2023\/09\/jeremy-yap-J39X2xX_8CQ-unsplash-scaled-1-300x200.jpg 300w, https:\/\/coree-a-toulouse.com\/wp-content\/uploads\/2023\/09\/jeremy-yap-J39X2xX_8CQ-unsplash-scaled-1-2000x1334.jpg 2000w, https:\/\/coree-a-toulouse.com\/wp-content\/uploads\/2023\/09\/jeremy-yap-J39X2xX_8CQ-unsplash-scaled-1-1536x1024.jpg 1536w, https:\/\/coree-a-toulouse.com\/wp-content\/uploads\/2023\/09\/jeremy-yap-J39X2xX_8CQ-unsplash-scaled-1-2048x1366.jpg 2048w\" sizes=\"(max-width: 1024px) 100vw, 1024px\" \/><\/figure>\n<\/div>\n\n\n\n<div class=\"wp-block-column is-vertically-aligned-center is-layout-flow wp-block-column-is-layout-flow\">\n<div class=\"wp-block-group is-vertical is-layout-flex wp-container-core-group-is-layout-fe9cc265 wp-block-group-is-layout-flex\">\n<h2 class=\"wp-block-heading\">Ateliers Cin\u00e9ma <\/h2>\n<\/div>\n\n\n\n<p>L\u2019Association organise des diffusions de films dans l&rsquo;ann\u00e9e afin de faire d\u00e9couvrir ou red\u00e9couvrir les acteurs et r\u00e9alisateurs cor\u00e9ens !<\/p>\n\n\n\n<div class=\"wp-block-buttons is-layout-flex wp-container-core-buttons-is-layout-9bedd9bf wp-block-buttons-is-layout-flex\">\n<div class=\"wp-block-button\"><a class=\"wp-block-button__link wp-element-button\" href=\"https:\/\/coree-a-toulouse.com\/index.php\/category\/activites\/activite-associative\/cinema\/\">EN SAVOIR PLUS<\/a><\/div>\n<\/div>\n<\/div>\n<\/div>\n\n\n\n<div style=\"height:30px\" aria-hidden=\"true\" class=\"wp-block-spacer\"><\/div>\n\n\n\n<hr class=\"wp-block-separator has-alpha-channel-opacity\"\/>\n\n\n\n<div style=\"height:30px\" aria-hidden=\"true\" class=\"wp-block-spacer\"><\/div>\n\n\n\n<div class=\"wp-block-columns is-layout-flex wp-container-core-columns-is-layout-28f84493 wp-block-columns-is-layout-flex\">\n<div class=\"wp-block-column is-vertically-aligned-center is-layout-flow wp-block-column-is-layout-flow\">\n<div class=\"wp-block-group is-vertical is-layout-flex wp-container-core-group-is-layout-fe9cc265 wp-block-group-is-layout-flex\">\n<h2 class=\"wp-block-heading\">Ateliers Calligraphie  <\/h2>\n<\/div>\n\n\n\n<p>Venez d\u00e9couvrir la calligraphie cor\u00e9enne. Tous les niveaux sont accept\u00e9s !<\/p>\n\n\n\n<div class=\"wp-block-buttons is-layout-flex wp-container-core-buttons-is-layout-9bedd9bf wp-block-buttons-is-layout-flex\">\n<div class=\"wp-block-button\"><a class=\"wp-block-button__link wp-element-button\" href=\"https:\/\/coree-a-toulouse.com\/index.php\/category\/activites\/activite-partenaire\/calligraphie\/\">EN SAVOIR PLUS<\/a><\/div>\n<\/div>\n<\/div>\n\n\n\n<div class=\"wp-block-column is-layout-flow wp-block-column-is-layout-flow\">\n<figure class=\"wp-block-image size-large is-style-rounded\"><img loading=\"lazy\" decoding=\"async\" width=\"1024\" height=\"683\" src=\"http:\/\/coree-a-toulouse.com\/wp-content\/uploads\/2023\/09\/kelly-sikkema-QExQVvGBmXQ-unsplash-scaled-1-1024x683.jpg\" alt=\"\" class=\"wp-image-72\" srcset=\"https:\/\/coree-a-toulouse.com\/wp-content\/uploads\/2023\/09\/kelly-sikkema-QExQVvGBmXQ-unsplash-scaled-1-1024x683.jpg 1024w, https:\/\/coree-a-toulouse.com\/wp-content\/uploads\/2023\/09\/kelly-sikkema-QExQVvGBmXQ-unsplash-scaled-1-300x200.jpg 300w, https:\/\/coree-a-toulouse.com\/wp-content\/uploads\/2023\/09\/kelly-sikkema-QExQVvGBmXQ-unsplash-scaled-1-2000x1334.jpg 2000w, https:\/\/coree-a-toulouse.com\/wp-content\/uploads\/2023\/09\/kelly-sikkema-QExQVvGBmXQ-unsplash-scaled-1-1536x1024.jpg 1536w, https:\/\/coree-a-toulouse.com\/wp-content\/uploads\/2023\/09\/kelly-sikkema-QExQVvGBmXQ-unsplash-scaled-1-2048x1366.jpg 2048w\" sizes=\"(max-width: 1024px) 100vw, 1024px\" \/><\/figure>\n<\/div>\n<\/div>\n\n\n\n<div style=\"height:75px\" aria-hidden=\"true\" class=\"wp-block-spacer\"><\/div>\n\n\n\n<div class=\"wp-block-columns alignwide has-luminous-vivid-amber-background-color has-background is-layout-flex wp-container-core-columns-is-layout-28f84493 wp-block-columns-is-layout-flex\">\n<div class=\"wp-block-column is-vertically-aligned-center has-small-font-size is-layout-flow wp-block-column-is-layout-flow\" style=\"flex-basis:400px\">\n<div class=\"wp-block-group has-global-padding is-layout-constrained wp-block-group-is-layout-constrained\">\n<div class=\"wp-block-columns alignwide is-layout-flex wp-container-core-columns-is-layout-28f84493 wp-block-columns-is-layout-flex\">\n<div class=\"wp-block-column is-layout-flow wp-block-column-is-layout-flow\" style=\"flex-basis:70%\">\n<figure class=\"wp-block-gallery has-nested-images columns-2 is-cropped wp-block-gallery-2 is-layout-flex wp-block-gallery-is-layout-flex\">\n<figure class=\"wp-block-image size-large is-style-rounded\"><img loading=\"lazy\" decoding=\"async\" width=\"1024\" height=\"683\" data-id=\"185\" src=\"http:\/\/coree-a-toulouse.com\/wp-content\/uploads\/2023\/09\/bogomil-mihaylov-ekHSHvgr27k-unsplash-1-scaled-1-1024x683.jpg\" alt=\"\" class=\"wp-image-185\" srcset=\"https:\/\/coree-a-toulouse.com\/wp-content\/uploads\/2023\/09\/bogomil-mihaylov-ekHSHvgr27k-unsplash-1-scaled-1-1024x683.jpg 1024w, https:\/\/coree-a-toulouse.com\/wp-content\/uploads\/2023\/09\/bogomil-mihaylov-ekHSHvgr27k-unsplash-1-scaled-1-300x200.jpg 300w, https:\/\/coree-a-toulouse.com\/wp-content\/uploads\/2023\/09\/bogomil-mihaylov-ekHSHvgr27k-unsplash-1-scaled-1-2000x1334.jpg 2000w, https:\/\/coree-a-toulouse.com\/wp-content\/uploads\/2023\/09\/bogomil-mihaylov-ekHSHvgr27k-unsplash-1-scaled-1-1536x1024.jpg 1536w, https:\/\/coree-a-toulouse.com\/wp-content\/uploads\/2023\/09\/bogomil-mihaylov-ekHSHvgr27k-unsplash-1-scaled-1-2048x1366.jpg 2048w\" sizes=\"(max-width: 1024px) 100vw, 1024px\" \/><\/figure>\n\n\n\n<figure class=\"wp-block-image size-2048x2048 is-style-rounded\"><img loading=\"lazy\" decoding=\"async\" width=\"960\" height=\"1280\" data-id=\"186\" src=\"http:\/\/ktazeql.cluster030.hosting.ovh.net\/wp-content\/uploads\/2023\/09\/kakaotalk_20220524_213203570_04-4.jpg\" alt=\"\" class=\"wp-image-186\" srcset=\"https:\/\/coree-a-toulouse.com\/wp-content\/uploads\/2023\/09\/kakaotalk_20220524_213203570_04-4.jpg 960w, https:\/\/coree-a-toulouse.com\/wp-content\/uploads\/2023\/09\/kakaotalk_20220524_213203570_04-4-225x300.jpg 225w, https:\/\/coree-a-toulouse.com\/wp-content\/uploads\/2023\/09\/kakaotalk_20220524_213203570_04-4-768x1024.jpg 768w\" sizes=\"(max-width: 960px) 100vw, 960px\" \/><\/figure>\n\n\n\n<figure class=\"wp-block-image size-2048x2048 is-style-default\"><img loading=\"lazy\" decoding=\"async\" width=\"2048\" height=\"1044\" data-id=\"353\" src=\"http:\/\/ktazeql.cluster030.hosting.ovh.net\/wp-content\/uploads\/2023\/10\/logo-coul-1-2048x1044.png\" alt=\"\" class=\"wp-image-353\" srcset=\"https:\/\/coree-a-toulouse.com\/wp-content\/uploads\/2023\/10\/logo-coul-1-2048x1044.png 2048w, https:\/\/coree-a-toulouse.com\/wp-content\/uploads\/2023\/10\/logo-coul-1-300x153.png 300w, https:\/\/coree-a-toulouse.com\/wp-content\/uploads\/2023\/10\/logo-coul-1-1024x522.png 1024w, https:\/\/coree-a-toulouse.com\/wp-content\/uploads\/2023\/10\/logo-coul-1-2000x1020.png 2000w, https:\/\/coree-a-toulouse.com\/wp-content\/uploads\/2023\/10\/logo-coul-1-1536x783.png 1536w\" sizes=\"(max-width: 2048px) 100vw, 2048px\" \/><\/figure>\n<\/figure>\n<\/div>\n<\/div>\n<\/div>\n<\/div>\n\n\n\n<div class=\"wp-block-column is-vertically-aligned-center is-layout-flow wp-block-column-is-layout-flow\">\n<div class=\"wp-block-group is-vertical is-layout-flex wp-container-core-group-is-layout-fe9cc265 wp-block-group-is-layout-flex\">\n<h2 class=\"wp-block-heading has-white-color has-text-color\">Partenariats<\/h2>\n<\/div>\n\n\n\n<p class=\"has-white-color has-text-color\" style=\"font-size:clamp(14px, 0.875rem + ((1vw - 3.2px) * 0.208), 16px);\">Apprenez \u00e0 cuisiner des sp\u00e9cialit\u00e9s cor\u00e9ennes, participez \u00e0 des choeurs cor\u00e9ens ou encore assistez au Woori Festival gr\u00e2ce \u00e0 nos partenaires !<\/p>\n\n\n\n<div class=\"wp-block-buttons is-layout-flex wp-block-buttons-is-layout-flex\">\n<div class=\"wp-block-button\"><a class=\"wp-block-button__link wp-element-button\" href=\"https:\/\/coree-a-toulouse.com\/index.php\/category\/activites\/activite-partenaire\/\">EN SAVOIR PLUS<\/a><\/div>\n<\/div>\n<\/div>\n<\/div>\n\n\n\n<div style=\"height:50px\" aria-hidden=\"true\" class=\"wp-block-spacer\"><\/div>\n\n\n\n<div class=\"wp-block-group alignfull has-black-background-color has-background is-layout-flow wp-block-group-is-layout-flow\">\n<figure class=\"wp-block-gallery alignwide has-nested-images columns-4 is-cropped wp-block-gallery-3 is-layout-flex wp-block-gallery-is-layout-flex\">\n<figure class=\"wp-block-image size-large\"><img loading=\"lazy\" decoding=\"async\" width=\"768\" height=\"1024\" data-id=\"124\" src=\"http:\/\/coree-a-toulouse.com\/wp-content\/uploads\/2023\/09\/20190406_174436-1-scaled-1-768x1024.jpg\" alt=\"\" class=\"wp-image-124\" srcset=\"https:\/\/coree-a-toulouse.com\/wp-content\/uploads\/2023\/09\/20190406_174436-1-scaled-1-768x1024.jpg 768w, https:\/\/coree-a-toulouse.com\/wp-content\/uploads\/2023\/09\/20190406_174436-1-scaled-1-225x300.jpg 225w, https:\/\/coree-a-toulouse.com\/wp-content\/uploads\/2023\/09\/20190406_174436-1-scaled-1-1152x1536.jpg 1152w, https:\/\/coree-a-toulouse.com\/wp-content\/uploads\/2023\/09\/20190406_174436-1-scaled-1-1536x2048.jpg 1536w, https:\/\/coree-a-toulouse.com\/wp-content\/uploads\/2023\/09\/20190406_174436-1-scaled-1.jpg 1920w\" sizes=\"(max-width: 768px) 100vw, 768px\" \/><\/figure>\n\n\n\n<figure class=\"wp-block-image size-large\"><img decoding=\"async\" src=\"http:\/\/coree-a-toulouse.com\/wp-content\/uploads\/2023\/10\/1530361675717.jpg\" alt=\"\"\/><\/figure>\n\n\n\n<figure class=\"wp-block-image size-large\"><img decoding=\"async\" src=\"http:\/\/coree-a-toulouse.com\/wp-content\/uploads\/2023\/09\/kakaotalk_20220524_213106976_03-1-768x1024.jpg\" alt=\"\"\/><\/figure>\n\n\n\n<figure class=\"wp-block-image size-full\"><img loading=\"lazy\" decoding=\"async\" width=\"721\" height=\"961\" data-id=\"489\" src=\"http:\/\/coree-a-toulouse.com\/wp-content\/uploads\/2023\/10\/Estelle-SO-atelier-calligraphie-coreenne-.jpg\" alt=\"\" class=\"wp-image-489\" srcset=\"https:\/\/coree-a-toulouse.com\/wp-content\/uploads\/2023\/10\/Estelle-SO-atelier-calligraphie-coreenne-.jpg 721w, https:\/\/coree-a-toulouse.com\/wp-content\/uploads\/2023\/10\/Estelle-SO-atelier-calligraphie-coreenne--225x300.jpg 225w\" sizes=\"(max-width: 721px) 100vw, 721px\" \/><\/figure>\n\n\n\n<figure class=\"wp-block-image size-large\"><img decoding=\"async\" src=\"http:\/\/coree-a-toulouse.com\/wp-content\/uploads\/2023\/09\/1523707606370-768x1024.jpg\" alt=\"\"\/><\/figure>\n\n\n\n<figure class=\"wp-block-image size-large\"><img decoding=\"async\" src=\"http:\/\/coree-a-toulouse.com\/wp-content\/uploads\/2023\/09\/kakaotalk_20220404_161322824_20-768x1024.jpg\" alt=\"\"\/><\/figure>\n\n\n\n<figure class=\"wp-block-image size-large\"><img decoding=\"async\" src=\"http:\/\/coree-a-toulouse.com\/wp-content\/uploads\/2023\/10\/KakaoTalk_20231009_144232569_07.jpg\" alt=\"\"\/><\/figure>\n\n\n\n<figure class=\"wp-block-image size-large\"><img decoding=\"async\" src=\"http:\/\/coree-a-toulouse.com\/wp-content\/uploads\/2023\/10\/Estelle-SO-atelier-calligraphie-coreenne-4-1.jpg\" alt=\"\"\/><\/figure>\n<\/figure>\n<\/div>\n\n\n\n<div class=\"wp-block-cover alignfull has-parallax is-position-center-center\" style=\"min-height:375px;aspect-ratio:unset;\"><div class=\"wp-block-cover__image-background wp-image-73 has-parallax\" style=\"background-position:50% 50%;background-image:url(http:\/\/coree-a-toulouse.com\/wp-content\/uploads\/2023\/09\/chan-hyuk-moon-ULUNsi4L21Q-unsplash-scaled-1.jpg)\"><\/div><span aria-hidden=\"true\" class=\"wp-block-cover__background has-black-background-color has-background-dim-40 has-background-dim\"><\/span><div class=\"wp-block-cover__inner-container is-layout-flow wp-block-cover-is-layout-flow\">\n<p class=\"has-text-align-center has-text-color has-huge-font-size\" style=\"color:#fffffa;line-height:1.1\"><strong>D\u00e9couvrez la culture cor\u00e9enne \u00e0 Toulouse<\/strong><\/p>\n\n\n\n<p class=\"has-text-align-center\"><\/p>\n\n\n\n<div style=\"height:39px\" aria-hidden=\"true\" class=\"wp-block-spacer\"><\/div>\n\n\n\n<div class=\"wp-block-buttons is-horizontal is-content-justification-center is-layout-flex wp-container-core-buttons-is-layout-03627597 wp-block-buttons-is-layout-flex\">\n<div class=\"wp-block-button is-style-outline is-style-outline--4\"><a class=\"wp-block-button__link has-small-font-size has-custom-font-size wp-element-button\" href=\"https:\/\/www.helloasso.com\/associations\/association-franco-coreenne-de-toulouse\/adhesions\/fiche-d-adhesion-afct\" style=\"border-radius:100px\">Devenir Adh\u00e9rent<\/a><\/div>\n<\/div>\n<\/div><\/div>\n","protected":false},"excerpt":{"rendered":"<p>Vous qui aimez la Cor\u00e9e, vous qui avez un lien avec ce pays ou vous qui souhaitez le d\u00e9couvrir, nous vous accueillons sur notre blog ! Rencontrez nous \u00e0 l\u2019une de nos manifestations \u00e0 Toulouse ou dans ses environs ! Cours de Cor\u00e9en Des cours de plusieurs niveaux (d\u00e9butants, interm\u00e9diaires, avanc\u00e9s) sont dispens\u00e9s par des &hellip; <\/p>\n<p class=\"link-more\"><a href=\"https:\/\/coree-a-toulouse.com\/\" class=\"more-link\">Lire la suite de<span class=\"screen-reader-text\">\u00ab\u00a0Accueil\u00a0\u00bb<\/span><\/a><\/p>\n","protected":false},"author":2,"featured_media":28,"parent":0,"menu_order":0,"comment_status":"closed","ping_status":"closed","template":"","meta":{"inline_featured_image":false,"footnotes":""},"class_list":["post-22","page","type-page","status-publish","has-post-thumbnail","hentry"],"_links":{"self":[{"href":"https:\/\/coree-a-toulouse.com\/index.php\/wp-json\/wp\/v2\/pages\/22","targetHints":{"allow":["GET"]}}],"collection":[{"href":"https:\/\/coree-a-toulouse.com\/index.php\/wp-json\/wp\/v2\/pages"}],"about":[{"href":"https:\/\/coree-a-toulouse.com\/index.php\/wp-json\/wp\/v2\/types\/page"}],"author":[{"embeddable":true,"href":"https:\/\/coree-a-toulouse.com\/index.php\/wp-json\/wp\/v2\/users\/2"}],"replies":[{"embeddable":true,"href":"https:\/\/coree-a-toulouse.com\/index.php\/wp-json\/wp\/v2\/comments?post=22"}],"version-history":[{"count":29,"href":"https:\/\/coree-a-toulouse.com\/index.php\/wp-json\/wp\/v2\/pages\/22\/revisions"}],"predecessor-version":[{"id":1550,"href":"https:\/\/coree-a-toulouse.com\/index.php\/wp-json\/wp\/v2\/pages\/22\/revisions\/1550"}],"wp:featuredmedia":[{"embeddable":true,"href":"https:\/\/coree-a-toulouse.com\/index.php\/wp-json\/wp\/v2\/media\/28"}],"wp:attachment":[{"href":"https:\/\/coree-a-toulouse.com\/index.php\/wp-json\/wp\/v2\/media?parent=22"}],"curies":[{"name":"wp","href":"https:\/\/api.w.org\/{rel}","templated":true}]}}